e 8*p - 1168 - 11584 = 0. Is p a composite number?
True
Suppose -14*q + 1164 = -2*q. Is q a composite number?
False
Let x = 16 - 16. Suppose x = -4*g + 7 + 9. Suppose -i + 245 = g*i. Is i prime?
False
Let h = 22648 - -4507. Is h composite?
True
Is ((-2468)/(-5) - (5 - 11))*5 prime?
False
Suppose -4*d + 3 + 1 = 0. Suppose 4*b - d - 23 = 0. Is (3 + -6)/(b/(-76)) composite?
True
Suppose m = -2*m - 9. Let k be (3 + m)/5 - -3. Suppose -5*y + 0*l = l - 558, 0 = 4*y + k*l - 453. Is y a composite number?
True
Let l be 0/((-1 - -11)/5). Suppose l*d + 76 = 2*b - 4*d, -4*b - 5*d + 152 = 0. Is b composite?
True
Suppose 0 = -3*s + 4*s + 64. Let v = 91 + s. Suppose -2*m = -v - 15. Is m a prime number?
False
Let s(t) = -t**3 + t**2 - 5*t + 6005. Is s(0) prime?
False
Let g be 6/15 + 90/25. Let v be g + -7 + 5 + 1428. Suppose 0 = 3*n - v + 551. Is n composite?
False
Let k = 1512 - 611. Is k composite?
True
Is -1*(-3)/(-2)*(-1270)/15 composite?
False
Let v(q) = -3*q**2 + 20*q - 34. Let s(i) = -2*i**2 + 10*i - 17. Let m(j) = -5*s(j) + 3*v(j). Is m(-16) composite?
False
Suppose -492*y + 515*y = 2021953. Is y a composite number?
False
Let i = -5775 + 31024. Is i prime?
False
Suppose 0 = u + 2*u - 5*d - 14, -3*u + 10 = -d. Suppose -43 = -u*y + 56. Is y composite?
True
Let y = -2839 - -5448. Is y composite?
False
Suppose -14*n + 15769 = 551. Is n a prime number?
True
Let l(f) = -f**3 + 8*f**2 - 12*f + 2. Let t be l(6). Suppose -t*g + 485 = -2229. Is g prime?
False
Let o(t) = -26340*t + 53. Is o(-1) a prime number?
True
Let u(c) = -c**3 + 9*c**2 + c - 7. Let j be u(9). Suppose f + 158 = 3*f + j*d, -2*d = 8. Is f a composite number?
False
Suppose -3*b + x + 1674 = 0, 3463 = 5*b + 2*x + 662. Is b a composite number?
True
Suppose -8015 = -3*v - 353. Is v a prime number?
False
Let y(f) = -23*f**2 - 4*f - 11. Let l(g) = -22*g**2 - 2*g - 12. Let q(c) = 2*l(c) - 3*y(c). Let k = 4 - 8. Is q(k) a composite number?
True
Let r(m) = 3*m**2 + m - 2*m**2 + 14 + 11 + 13. Suppose c = -0*c. Is r(c) a prime number?
False
Let w = -5 - -5. Suppose 2*k - 6*k - 8 = w. Is k/(0 + 4/(-206)) prime?
True
Let v = -5349 - -10958. Is v a prime number?
False
Suppose -10*a = -14*a + 2972. Let k = 8 - 6. Suppose 0 = -w - 1, 2*w - w + a = k*b. Is b a composite number?
True
Let i(z) = 423*z**2 - z - 13. Is i(-5) composite?
False
Let k be (-2)/4 - 16065/(-34). Let h = k + -155. Is h prime?
True
Suppose -38771 = -2*r - v, -3*r + 3*v - 5218 = -63370. Is r a prime number?
False
Suppose 4*p - 1488 = -0*p. Suppose 5*n - 583 = -4*j, 3*n - 4*j = j + p. Is n a prime number?
False
Let k(t) = -280*t + 254. Is k(-30) a composite number?
True
Is (57690/84 + 18/(-63))*46 composite?
True
Let r(l) = -l**2 - 19*l - 23. Let f be r(14). Let m = f - -804. Is m composite?
True
Let b be 396*(2/4)/1. Let k = 73 + b. Is k composite?
False
Let y(a) = -14*a**2 + 6*a + 1. Let p be y(-8). Let v = -524 - p. Is v composite?
False
Let a = -20636 - -38155. Is a prime?
True
Let a = -854 - -2093. Let b = a + -598. Is b composite?
False
Let c = -1404 - -2521. Is (-1)/(((-5)/c)/5) a prime number?
True
Is (4934/4)/(8/48) a composite number?
True
Let r(a) = 2*a**2 - 4*a + 3. Let g be 2/(-5) + (-36)/(-15). Let z be r(g). Suppose z*o - 233 = 2*h, -5*o + 384 = -2*h + 3*h. Is o a composite number?
True
Let d(j) be the third derivative of -j**6/120 + 19*j**5/60 + 11*j**4/8 - 11*j**3/3 - 14*j**2. Is d(17) a prime number?
True
Let b(m) = 11184*m**2 - 23*m - 18. Is b(-1) composite?
True
Suppose 185655 = -23*s + 26*s. Is s prime?
False
Let f(g) = g**3 - 29*g**2 - 17*g - 34. Is f(31) prime?
True
Let m(q) = -2*q**2 + 23*q - 17. Let c(g) = -g**2 + 11*g - 8. Let t(j) = 5*c(j) - 2*m(j). Let k be t(8). Suppose -2*s + 1508 = k*s. Is s composite?
True
Suppose -y = -2*l + 4 - 1, 0 = -4*y - 3*l + 21. Is (-2332)/(-24) + y/(-18) a prime number?
True
Let b(t) = -t + 9. Suppose -i + 0*i = 0. Suppose -3*v = -i - 21. Is b(v) a composite number?
False
Let g be 1 - (2 + 5)/(-1). Let t(p) = 58 - g*p + 23*p - 60. Is t(9) prime?
False
Suppose 1 = k, 0 = -4*a + 3*k - 0*k + 17. Let z(b) = 29*b**2 + 1 + 5 + 3*b - 15*b. Is z(a) prime?
False
Suppose d - 47968 = -5*g + 17793, -5*g = -2*d - 65773. Is g prime?
False
Let d(u) = -u**3 + 20*u**2 + 16*u + 47. Let k be d(20). Suppose -2*i = -k - 415. Is i a prime number?
False
Let k = 129 + -145. Is 0 + (-5102)/k + (-9)/(-72) composite?
True
Let n(c) = 8*c - 2869. Let s(t) = 12*t - 4303. Let p(v) = -8*n(v) + 5*s(v). Is p(0) prime?
False
Suppose -2*p + 19 = 39. Let z(l) = l**3 + 15*l**2 - 17*l - 21. Is z(p) composite?
True
Suppose -122*b = -105*b - 4667843. Is b a composite number?
False
Let t = 211 + -52. Let c be (-1)/(-2) - (-441)/14. Let y = t - c. Is y a prime number?
True
Let u be -1 + 14/2 + (-15)/5. Suppose 5*w - 2994 = -j - u*j, -748 = -j - w. Is j a composite number?
True
Let g(h) = 2359*h**2 + 9*h + 11. Is g(3) a prime number?
True
Let x = 43916 - 19863. Is x a prime number?
False
Let f(z) = 6*z**3 + 2*z - 3. Let r be f(1). Suppose -1046 - 209 = -r*w. Is w a prime number?
True
Suppose -72*f = -13298252 + 2401988. Is f prime?
True
Suppose p - 4*f + 61 = 6*p, 3*f - 57 = -5*p. Let x(i) = 2*i + 9. Let n(s) = -s - 8. Let y(o) = 6*n(o) + 5*x(o). Is y(p) a prime number?
False
Suppose -2*o + 8*g + 33 = 3*g, -2*g = 2. Let z = 11 - o. Is z/3 - (1 - 61) composite?
False
Suppose 11*x = 9*x + d + 24290, -5*x = -2*d - 60723. Is x a composite number?
False
Let p(c) = 79*c + 50. Is p(9) a prime number?
True
Is (-2579590)/(-195) + (-2)/(-6) prime?
True
Let g = 198 + -711. Is (2 - g) + 3 + 1 a composite number?
True
Suppose 6*t = -23 + 23. Suppose -s = 2*s + 6, 0 = 2*q + 5*s - 8. Suppose 0 = 3*r + q, t*r - r = 3*p - 774. Is p composite?
True
Is (8 - 16/4) + 24235 composite?
False
Let o = -3672 + 6931. Is o composite?
False
Suppose -a = -3*a + 10. Suppose -a*y + 12*y = 791. Is y a prime number?
True
Suppose 4*c - 5630 = -c + 2*d, 5*c + d = 5645. Suppose 3*i - 3*x = 1146, -3*x = -0*i + 3*i - c. Is i prime?
True
Suppose -13*w - 551273 = -44*w. Is w composite?
False
Let z(f) = -38*f**3 - 4*f**2 - 8*f - 2. Let a be z(-3). Let l = a - 705. Is l a prime number?
True
Let y(z) = 14267*z. Is y(1) prime?
False
Is 20043 - (-3 + 7 + 2) a composite number?
True
Let o(n) be the third derivative of -n**6/60 + n**5/30 - n**4/12 - 13*n**3/6 - 11*n**2. Is o(-7) a composite number?
True
Suppose 5*h + 4*t - 123053 = 5*t, 0 = 4*h - 3*t - 98438. Is h a prime number?
True
Let g = -3257 - -6556. Is g composite?
False
Let q(f) = 28*f**3 - 10*f**2 + 9*f - 1. Let p be q(6). Suppose -2*k = 5*l - 2702 - 3045, -5*l = -4*k - p. Is l prime?
False
Suppose -5*r + 47 = 17. Is ((-14623)/r - 1/(-6))*-1 a prime number?
True
Let c = -46 - -66. Is c/(-8)*(1 + -5) composite?
True
Suppose 6*f = 27806 - 3932. Is f a composite number?
True
Suppose -98 = 5*v + 9*v. Is (2/v + 18/14)*3215 a composite number?
True
Let p(j) = 44*j - 4 + 2 - 6 + 5. Is p(3) composite?
True
Let z(k) = 414*k - 41. Is z(26) a composite number?
False
Let l = 434 - -445. Suppose -l = 3*b - 4*z, z - 3*z - 897 = 3*b. Let m = b + 616. Is m a composite number?
True
Suppose 3315 + 5410 = 3*z - 4*v, 0 = -4*z + 3*v + 11624. Is z prime?
True
Let x = -225 + 323. Suppose 0 = 3*m - 358 - x. Suppose 2*g = 4*g + 2*s - m, -4*s + 146 = 2*g. Is g composite?
False
Suppose -277 = -2*j - 5*x, -j = -11*x + 8*x - 122. Is j composite?
False
Suppose 5*m - u - 20 = -6*u, 4*u = 16. Suppose 3*j + y - 285 = m, 464 = 5*j - y - y. Is j a prime number?
False
Let c(p) = -p**3 - p**2 - p - 1. Let f(j) = 2*j**3 + 12*j**2 + 17*j + 6. Let h(n) = 3*c(n) + f(n). Is h(10) a composite number?
False
Let s(i) = -80*i**2 - 2*i. Let k be s(2). Let a = k + 500. Suppose 4*y - a = -2*x, 157 = 5*y - 5*x - 93. Is y prime?
False
Let m be (25/20)/(2/1680). Suppose -3*x = 2*x - m. Let q = x + -125. Is q a prime number?
False
Let h = 391 + -228. Is h prime?
True
Let v(l) = l - 1. Let a be v(1). Suppose 4*m - 196 = 3*u - 75, a = -5*m - 5*u + 160. Is m a composite number?
False
Let u = 58 + -95. Suppose -2*o + o - w + 79 = 0, 0 = 4*o - 3*w - 281. Let b = u + o. Is b a composite number?
False
Let y(d) = 169*d - 396. Is y(7) a prime number?
True
Is (-1 - 15/(-10))*(32060 + 6) composite?
False
Let z(f) = -139*f + 19. Let a(n) = -n**2 - 6. Let b be a(0). Is z(b) 